{"id":113,"date":"2021-03-11T19:58:12","date_gmt":"2021-03-11T19:58:12","guid":{"rendered":"https:\/\/handschuh-neubau.at\/?page_id=113"},"modified":"2026-02-13T11:04:32","modified_gmt":"2026-02-13T11:04:32","slug":"produkte","status":"publish","type":"page","link":"https:\/\/handschuh-neubau.at\/index.php\/produkte\/","title":{"rendered":"Produkte"},"content":{"rendered":"\n<div class=\"wp-block-media-text alignwide is-stacked-on-mobile\"><figure class=\"wp-block-media-text__media\"><img loading=\"lazy\" decoding=\"async\" width=\"1024\" height=\"678\" src=\"https:\/\/handschuh-neubau.at\/wp-content\/uploads\/2021\/03\/IMGP2256-1024x678.jpg\" alt=\"\" class=\"wp-image-114 size-full\" srcset=\"https:\/\/handschuh-neubau.at\/wp-content\/uploads\/2021\/03\/IMGP2256-1024x678.jpg 1024w, https:\/\/handschuh-neubau.at\/wp-content\/uploads\/2021\/03\/IMGP2256-300x199.jpg 300w, https:\/\/handschuh-neubau.at\/wp-content\/uploads\/2021\/03\/IMGP2256-768x509.jpg 768w, https:\/\/handschuh-neubau.at\/wp-content\/uploads\/2021\/03\/IMGP2256-1536x1018.jpg 1536w, https:\/\/handschuh-neubau.at\/wp-content\/uploads\/2021\/03\/IMGP2256-2048x1357.jpg 2048w, https:\/\/handschuh-neubau.at\/wp-content\/uploads\/2021\/03\/IMGP2256-1568x1039.jpg 1568w\" sizes=\"auto, (max-width: 1024px) 100vw, 1024px\" \/><\/figure><div class=\"wp-block-media-text__content\">\n<h2 class=\"wp-block-heading\">HANDSCHUHE<\/h2>\n\n\n\n<p>Bei uns finden Sie Ihren perfekten Handschuh. In edler Seide f\u00fcr Hochzeit, Gala, Empfang und Ball, in hochwertigem Leder f\u00fcr ihre Oldtimer Ausfahrt oder Lammfellf\u00e4ustlinge f\u00fcr Gro\u00df und (ganz) Klein. Oder doch lieber Partnerhandschuhe f\u00fcr Ihre Liebste oder Ihren Liebsten oder Pulsw\u00e4rmer aus feinstem Nappaleder und Merino Wolle.<\/p>\n<\/div><\/div>\n\n\n\n<ul class=\"wp-block-list\">\n<li><\/li>\n<\/ul>\n\n\n\n<div class=\"wp-block-media-text alignwide has-media-on-the-right is-stacked-on-mobile\"><div class=\"wp-block-media-text__content\">\n<h2 class=\"wp-block-heading\">Holzmichl&#8217;s Alpakas<\/h2>\n\n\n\n<p>Die Alpaka-Faser ist geruchsneutral, gleicht Temperatur und Feuchtigkeit aus und ist dabei auch noch selbstreinigend und antibakteriell. Sie ist extrem hautvertr\u00e4glich und sorgt f\u00fcr ein \u00fcberaus weiches Tragegef\u00fchl.<\/p>\n\n\n\n<p>100 % Natur<\/p>\n\n\n\n<p>Entdecke die Vielseitigkeit der feinen Alpakawolle \u2026 ob als kuschliger Schal, gem\u00fctliche Bettdecke oder anschmiegsames Kissen.<\/p>\n<\/div><figure class=\"wp-block-media-text__media\"><a href=\"https:\/\/www.holzmichlsalpakas.at\/\"><img loading=\"lazy\" decoding=\"async\" width=\"1024\" height=\"684\" src=\"https:\/\/handschuh-neubau.at\/wp-content\/uploads\/2022\/12\/21a667bf-c484-4ef7-b06d-95e6db402dfd-1024x684.jpg\" alt=\"\" class=\"wp-image-195 size-full\" srcset=\"https:\/\/handschuh-neubau.at\/wp-content\/uploads\/2022\/12\/21a667bf-c484-4ef7-b06d-95e6db402dfd-1024x684.jpg 1024w, https:\/\/handschuh-neubau.at\/wp-content\/uploads\/2022\/12\/21a667bf-c484-4ef7-b06d-95e6db402dfd-300x200.jpg 300w, https:\/\/handschuh-neubau.at\/wp-content\/uploads\/2022\/12\/21a667bf-c484-4ef7-b06d-95e6db402dfd-768x513.jpg 768w, https:\/\/handschuh-neubau.at\/wp-content\/uploads\/2022\/12\/21a667bf-c484-4ef7-b06d-95e6db402dfd-1536x1026.jpg 1536w, https:\/\/handschuh-neubau.at\/wp-content\/uploads\/2022\/12\/21a667bf-c484-4ef7-b06d-95e6db402dfd-1568x1048.jpg 1568w, https:\/\/handschuh-neubau.at\/wp-content\/uploads\/2022\/12\/21a667bf-c484-4ef7-b06d-95e6db402dfd.jpg 1600w\" sizes=\"auto, (max-width: 1024px) 100vw, 1024px\" \/><\/a><\/figure><\/div>\n\n\n\n<figure class=\"wp-block-embed is-type-video is-provider-youtube wp-block-embed-youtube wp-embed-aspect-16-9 wp-has-aspect-ratio\"><div class=\"wp-block-embed__wrapper\">\n<iframe loading=\"lazy\" title=\"n-tv Wissen Regenschirm Herstellung\" width=\"750\" height=\"422\" src=\"https:\/\/www.youtube.com\/embed\/Gk8y9b30XfY?feature=oembed\" frameborder=\"0\" allow=\"accelerometer; autoplay; clipboard-write; encrypted-media; gyroscope; picture-in-picture; web-share\" referrerpolicy=\"strict-origin-when-cross-origin\" allowfullscreen><\/iframe>\n<\/div><\/figure>\n\n\n\n<div class=\"wp-block-media-text alignwide has-media-on-the-right is-stacked-on-mobile\"><div class=\"wp-block-media-text__content\">\n<h2 class=\"wp-block-heading has-text-align-right\">SCHIRME &amp; ST\u00d6CKE<\/h2>\n\n\n\n<p class=\"has-text-align-right\">Unsere St\u00f6cke werden in \u00d6sterreich mit hochwertigen Materialien hergestellt.&nbsp;Dabei gibt es&nbsp;h\u00f6henverstellbare Modelle, Spezial-Faltst\u00f6cke, St\u00f6cke mit abklippbarem Regenschirm und noch vieles mehr.<\/p>\n\n\n\n<p class=\"has-text-align-right\">Bespannt mit leichter, schnell trocknender Mikrofaser oder Teflon&nbsp;und einem&nbsp;Gest\u00e4nge aus Fiberglas, Karbon oder Aluminium bieten die Schirme in unserem Angebot alles was des Regenwanderers Herz begehrt. Auch trendige Kinderschirme, wie Hello Kitty, Cars, Spiderman, Superman, Winnie Pooh, Spongebob uvm haben wir im Angebot.<\/p>\n<\/div><figure class=\"wp-block-media-text__media\"><img loading=\"lazy\" decoding=\"async\" width=\"1024\" height=\"678\" src=\"https:\/\/handschuh-neubau.at\/wp-content\/uploads\/2021\/03\/IMGP23711-1024x678.jpg\" alt=\"\" class=\"wp-image-115 size-full\" srcset=\"https:\/\/handschuh-neubau.at\/wp-content\/uploads\/2021\/03\/IMGP23711-1024x678.jpg 1024w, https:\/\/handschuh-neubau.at\/wp-content\/uploads\/2021\/03\/IMGP23711-300x199.jpg 300w, https:\/\/handschuh-neubau.at\/wp-content\/uploads\/2021\/03\/IMGP23711-768x509.jpg 768w, https:\/\/handschuh-neubau.at\/wp-content\/uploads\/2021\/03\/IMGP23711-1536x1018.jpg 1536w, https:\/\/handschuh-neubau.at\/wp-content\/uploads\/2021\/03\/IMGP23711-2048x1357.jpg 2048w, https:\/\/handschuh-neubau.at\/wp-content\/uploads\/2021\/03\/IMGP23711-1568x1039.jpg 1568w\" sizes=\"auto, (max-width: 1024px) 100vw, 1024px\" \/><\/figure><\/div>\n\n\n\n<div class=\"wp-block-media-text alignwide has-media-on-the-right is-stacked-on-mobile\"><div class=\"wp-block-media-text__content\">\n<h2 class=\"wp-block-heading has-text-align-right\">FALKE SOCKEN<\/h2>\n\n\n\n<p class=\"has-text-align-right\">Falke ist der Socken-Spezialist seit 1895. Hochwertige Materialien und eine perfekte Verarbeitung vereint mit jahrelangem Know-How lassen erstklassige Socken in verschiedenen L\u00e4ngen, Materialien, Mustern, Farben und Gr\u00f6\u00dfen entstehen. Mit einer Kompetenz in Farbe und Qualit\u00e4t finden Sie hier die perfekten Herren Socken f\u00fcr jeden Anlass. Egal ob Business, der Freizeit oder zu Festen, 100% Seide. FALKE bietet f\u00fcr jeden Stil den passenden Socken mit optimalem Tragekomfort.&nbsp;<\/p>\n<\/div><figure class=\"wp-block-media-text__media\"><img loading=\"lazy\" decoding=\"async\" width=\"768\" height=\"614\" src=\"https:\/\/handschuh-neubau.at\/wp-content\/uploads\/2021\/03\/falke_sockenv3.jpg\" alt=\"\" class=\"wp-image-118 size-full\" srcset=\"https:\/\/handschuh-neubau.at\/wp-content\/uploads\/2021\/03\/falke_sockenv3.jpg 768w, https:\/\/handschuh-neubau.at\/wp-content\/uploads\/2021\/03\/falke_sockenv3-300x240.jpg 300w\" sizes=\"auto, (max-width: 768px) 100vw, 768px\" \/><\/figure><\/div>\n\n\n\n<div class=\"wp-block-media-text alignwide is-stacked-on-mobile\"><figure class=\"wp-block-media-text__media\"><img loading=\"lazy\" decoding=\"async\" width=\"1024\" height=\"543\" src=\"https:\/\/handschuh-neubau.at\/wp-content\/uploads\/2021\/03\/trico2-1-1024x543.jpg\" alt=\"\" class=\"wp-image-57 size-full\" srcset=\"https:\/\/handschuh-neubau.at\/wp-content\/uploads\/2021\/03\/trico2-1-1024x543.jpg 1024w, https:\/\/handschuh-neubau.at\/wp-content\/uploads\/2021\/03\/trico2-1-300x159.jpg 300w, https:\/\/handschuh-neubau.at\/wp-content\/uploads\/2021\/03\/trico2-1-768x407.jpg 768w, https:\/\/handschuh-neubau.at\/wp-content\/uploads\/2021\/03\/trico2-1-1536x815.jpg 1536w, https:\/\/handschuh-neubau.at\/wp-content\/uploads\/2021\/03\/trico2-1-1568x831.jpg 1568w, https:\/\/handschuh-neubau.at\/wp-content\/uploads\/2021\/03\/trico2-1.jpg 2048w\" sizes=\"auto, (max-width: 1024px) 100vw, 1024px\" \/><\/figure><div class=\"wp-block-media-text__content\">\n<h2 class=\"wp-block-heading\">TRICO MANUFACTUR F\u00dcR FEINE ACCESSOIRES<\/h2>\n\n\n\n<p>Made in Germany \u2013 seit 1919<\/p>\n\n\n\n<p>Wer in der Kombination mit einem Anzug oder anderer vornehmer Kleidung besonders stilsicher auftreten m\u00f6chte, w\u00e4hlt modische Hosentr\u00e4ger statt einem G\u00fcrtel. Mit einem solch kleinen Detail unterstreichen Sie Ihr Modebewusstsein auf den ersten Blick. Wir stellen diesen feinen Begleiter der Hose bereits seit 1919 in Handarbeit her und sind ihm bis heute treu geblieben.<\/p>\n<\/div><\/div>\n\n\n\n<div class=\"wp-block-media-text alignwide has-media-on-the-right is-stacked-on-mobile\"><div class=\"wp-block-media-text__content\">\n<h2 class=\"wp-block-heading\">KNIRPS<\/h2>\n\n\n\n<p>Kaum ein Punkt ist weltweit so bekannt, wie der rote Punkt von Knirps. Markenzeichen, Logo und Qualit\u00e4tsversprechen in einem, ist er seit 90 Jahren weltweit das Wiedererkennungsmerkmal f\u00fcr die deutsche Regenschirm-Marke und deren Markenversprechen, sowie die einzigartige Kombination von eigenst\u00e4ndigem Designanspruch und technisch hoch entwickelten Funktionen bis hin<\/p>\n\n\n\n<p>Mehr als nur ein Regenschirm!<\/p>\n\n\n\n<p>inkl. Sonnenschutz<\/p>\n\n\n\n<p>UVA Schutz &gt;89% &nbsp;UVB Schutz &gt;99%<\/p>\n<\/div><figure class=\"wp-block-media-text__media\"><img loading=\"lazy\" decoding=\"async\" width=\"277\" height=\"182\" src=\"https:\/\/handschuh-neubau.at\/wp-content\/uploads\/2021\/03\/knirps.jpg\" alt=\"\" class=\"wp-image-126 size-full\"\/><\/figure><\/div>\n\n\n\n<div class=\"wp-block-group is-nowrap is-layout-flex wp-container-core-group-is-layout-ad2f72ca wp-block-group-is-layout-flex\">\n<div class=\"wp-block-group\"><div class=\"wp-block-group__inner-container is-layout-constrained wp-block-group-is-layout-constrained\">\n<div class=\"wp-block-columns is-layout-flex wp-container-core-columns-is-layout-9d6595d7 wp-block-columns-is-layout-flex\">\n<div class=\"wp-block-column is-layout-flow wp-block-column-is-layout-flow\" style=\"flex-basis:100%\">\n<figure class=\"wp-block-gallery alignwide has-nested-images columns-default is-cropped wp-block-gallery-1 is-layout-flex wp-block-gallery-is-layout-flex\">\n<figure class=\"wp-block-image size-large\"><img loading=\"lazy\" decoding=\"async\" width=\"300\" height=\"200\" data-id=\"139\" src=\"https:\/\/handschuh-neubau.at\/wp-content\/uploads\/2021\/03\/Logos-_0001_ogimage.png\" alt=\"\" class=\"wp-image-139\"\/><\/figure>\n\n\n\n<figure class=\"wp-block-image size-large\"><img loading=\"lazy\" decoding=\"async\" width=\"300\" height=\"200\" data-id=\"141\" src=\"https:\/\/handschuh-neubau.at\/wp-content\/uploads\/2021\/03\/Logos-_0003_Logo_Jasch.png\" alt=\"\" class=\"wp-image-141\"\/><\/figure>\n\n\n\n<figure class=\"wp-block-image size-large\"><img loading=\"lazy\" decoding=\"async\" width=\"300\" height=\"200\" data-id=\"142\" src=\"https:\/\/handschuh-neubau.at\/wp-content\/uploads\/2021\/03\/Logos-_0004_Heratex-1.png\" alt=\"\" class=\"wp-image-142\"\/><\/figure>\n\n\n\n<figure class=\"wp-block-image size-large\"><img loading=\"lazy\" decoding=\"async\" width=\"300\" height=\"200\" data-id=\"140\" src=\"https:\/\/handschuh-neubau.at\/wp-content\/uploads\/2021\/03\/Logos-_0002_menu_logo.png\" alt=\"\" class=\"wp-image-140\"\/><\/figure>\n\n\n\n<figure class=\"wp-block-image size-large\"><img loading=\"lazy\" decoding=\"async\" width=\"300\" height=\"200\" data-id=\"143\" src=\"https:\/\/handschuh-neubau.at\/wp-content\/uploads\/2021\/03\/Logos-_0005_Falke.png\" alt=\"\" class=\"wp-image-143\"\/><\/figure>\n\n\n\n<figure class=\"wp-block-image size-large\"><img loading=\"lazy\" decoding=\"async\" width=\"300\" height=\"200\" data-id=\"145\" src=\"https:\/\/handschuh-neubau.at\/wp-content\/uploads\/2021\/03\/Logos-_0008_DopplerLogo.png\" alt=\"\" class=\"wp-image-145\"\/><\/figure>\n\n\n\n<figure class=\"wp-block-image size-large\"><img loading=\"lazy\" decoding=\"async\" width=\"300\" height=\"200\" data-id=\"146\" src=\"https:\/\/handschuh-neubau.at\/wp-content\/uploads\/2021\/03\/Logos-_0009_Download.png\" alt=\"\" class=\"wp-image-146\"\/><\/figure>\n<\/figure>\n<\/div>\n<\/div>\n<\/div><\/div>\n<\/div>\n","protected":false},"excerpt":{"rendered":"<p>HANDSCHUHE Bei uns finden Sie Ihren perfekten Handschuh. In edler Seide f\u00fcr Hochzeit, Gala, Empfang und Ball, in hochwertigem Leder f\u00fcr ihre Oldtimer Ausfahrt oder Lammfellf\u00e4ustlinge f\u00fcr Gro\u00df und (ganz) Klein. Oder doch lieber Partnerhandschuhe f\u00fcr Ihre Liebste oder Ihren Liebsten oder Pulsw\u00e4rmer aus feinstem Nappaleder und Merino Wolle. Holzmichl&#8217;s Alpakas Die Alpaka-Faser ist geruchsneutral,&hellip; <a class=\"more-link\" href=\"https:\/\/handschuh-neubau.at\/index.php\/produkte\/\"><span class=\"screen-reader-text\">Produkte<\/span> weiterlesen<\/a><\/p>\n","protected":false},"author":1,"featured_media":0,"parent":0,"menu_order":0,"comment_status":"closed","ping_status":"closed","template":"","meta":{"footnotes":""},"class_list":["post-113","page","type-page","status-publish","hentry","entry"],"_links":{"self":[{"href":"https:\/\/handschuh-neubau.at\/index.php\/wp-json\/wp\/v2\/pages\/113","targetHints":{"allow":["GET"]}}],"collection":[{"href":"https:\/\/handschuh-neubau.at\/index.php\/wp-json\/wp\/v2\/pages"}],"about":[{"href":"https:\/\/handschuh-neubau.at\/index.php\/wp-json\/wp\/v2\/types\/page"}],"author":[{"embeddable":true,"href":"https:\/\/handschuh-neubau.at\/index.php\/wp-json\/wp\/v2\/users\/1"}],"replies":[{"embeddable":true,"href":"https:\/\/handschuh-neubau.at\/index.php\/wp-json\/wp\/v2\/comments?post=113"}],"version-history":[{"count":9,"href":"https:\/\/handschuh-neubau.at\/index.php\/wp-json\/wp\/v2\/pages\/113\/revisions"}],"predecessor-version":[{"id":263,"href":"https:\/\/handschuh-neubau.at\/index.php\/wp-json\/wp\/v2\/pages\/113\/revisions\/263"}],"wp:attachment":[{"href":"https:\/\/handschuh-neubau.at\/index.php\/wp-json\/wp\/v2\/media?parent=113"}],"curies":[{"name":"wp","href":"https:\/\/api.w.org\/{rel}","templated":true}]}}